 of -o**4/8 + o**3/6 - 4*o**2. Give r(2).
-5
Let n(j) = -4*j - 4*j + 3 + j + 4*j + j**2. Determine n(2).
1
Let p(o) = o**3 + 3*o**2 - 2*o - 4. Let b be p(-3). Suppose 0 = -0*i + b*i + 10. Let r(l) = l**3 + 6*l**2 + 6*l - 3. Determine r(i).
-8
Suppose -w - 1 = 2*i + 4, -5*i = -4*w - 7. Let y = -1 - i. Let t(q) = -7*q - q**2 + y - 5 - 1. What is t(-5)?
4
Let l = -16 - -25. Let f(d) = 0*d - 3*d**2 + 0*d + l + 2*d**2 - d - d**3. Let q = 12 - 12. Give f(q).
9
Let z(p) be the third derivative of 0*p - 4*p**2 + 0 + 1/6*p**3 + 1/60*p**5 + 1/8*p**4. Give z(-4).
5
Let v(g) = 12*g - g**2 + 2*g**2 - 2*g**2 - 10*g. Let c be v(2). Let z(o) be the third derivative of -o**4/24 - 2*o**3/3 - o**2. Calculate z(c).
-4
Let f(q) = q**3 - 6*q**2 - 7*q - 9. Let z(k) = k**2 + k + 1. Let r be z(2). Determine f(r).
-9
Let z(j) = j**2 - 8*j + 7. Let r be z(6). Let n = r + 0. Let c(g) = 8*g + 2 + g**2 + 3 - 2. What is c(n)?
-12
Suppose 25 = 2*r + 3*r. Let x(f) = -f**2 + 32*f + 0*f**2 - 2 - 26*f. Determine x(r).
3
Let a(j) = -j**2 - 9*j - 7. Suppose 26 - 54 = 4*f. Calculate a(f).
7
Let y(x) = 4*x**2 - x - 1. Let j = -2 - -1. Let w be y(j). Let d(v) = 0*v + 5*v**2 - 3 - 4*v**2 - w*v. Determine d(5).
2
Let r(p) = p**2 - p + 1. Let t(u) = 4*u**2 + u - 2. Let v(y) = -3*r(y) + t(y). Calculate v(-4).
-5
Let x = -6 + 13. Let w = -2 + x. Let u(g) = 0 + w*g + 0*g - g**2 - 6. What is u(5)?
-6
Let d(c) be the second derivative of -c**3/2 + 5*c**2/2 + 10*c. What is d(-4)?
17
Let f(v) = -v**2 + 1. Let g(h) = -5*h**2 + h + 3. Let c(t) = 4*f(t) - g(t). Suppose 0 = -3*y + 2*y. Calculate c(y).
1
Suppose 0*l + 2*l = 6. Let k(u) = 6 - 2*u**2 + l*u - u - 2. Suppose -2*b = -5*x - 6, 3*x = b - 0*b - 3. Determine k(b).
-8
Let i(k) = 13*k - 2. Let s(m) = -12*m + 2. Let q(a) = -5*i(a) - 6*s(a). What is q(2)?
12
Let q(x) be the first derivative of -2*x**3/3 + 2*x**2 + 2. Suppose -5*j = 4*z - 3*z + 12, 3 = -j. What is q(z)?
-6
Let p(h) = 2*h - 22. Let b be p(13). Let f(n) be the third derivative of -3*n**2 - 1/24*n**b + 0*n + 0 + 1/2*n**3. What is f(-3)?
6
Suppose 2*g - 32 = -2*g. Let p(i) = 20*i + 2. Suppose 5*v = -a + 18, 3*a - 11 + 2 = 0. Let o(d) = -7*d - 1. Let t(y) = g*o(y) + v*p(y). What is t(2)?
6
Let a be (28/2)/(0 - -1). Suppose 2*p - 4*y = -a, p - y + 0 = -6. Let x(k) = k**3 + 4*k**2 - 3*k - 2. What is x(p)?
-12
Let k(d) = d**2 - d - 2. Suppose -4*c - 12 = -0*c, 3*i = -4*c - 3. Determine k(i).
4
Suppose 4*o + o = 5. Let g = 3 - o. Let h(w) be the third derivative of -w**6/60 + w**5/30 - w**4/24 + 37*w**2. What is h(g)?
-10
Let s(n) = n**3 - n - 1. Let y(g) = -4*g**3 + 5*g**2 + 3*g + 3. Let p(z) = -3*s(z) - y(z). What is p(5)?
0
Let q(f) = f**3 + 4*f**2 + f + 1. Suppose 2*w = 5*w + 12. Let n be q(w). Let h(r) = -r**2 + 2. Calculate h(n).
-7
Let k(w) = -4*w + 2. Let d(a) = -a + 1. Let u(y) = -6*d(y) + k(y). Let m(o) = 4*o**3 + o**2 - 1. Let r = 0 - -1. Let n be m(r). Calculate u(n).
4
Let k(i) = -i**3 + 3*i**2 - 5*i + 3. Let b = 10 + 8. Suppose -a - o - 12 = -6*a, -o + b = 5*a. Determine k(a).
-12
Let k be (-2)/(-3)*3/2. Let g = k - 3. Let c(z) = 11*z**2 + 10*z - 2. Let a(d) = 2*d**2 + 2*d. Let b(p) = -6*a(p) + c(p). Calculate b(g).
-2
Let j(n) = -n**2 - 7*n + 10. Let f be j(-8). Let b(a) = -3*a**2 + 3 - a**f - 3*a + a**2 + a**3. Determine b(4).
7
Let u(v) be the second derivative of -v**5/60 - 7*v**4/24 + v**3/6 - v**2 + v. Let i(c) be the first derivative of u(c). Determine i(-6).
7
Suppose -2*k - 2 + 2 = 0. Let x(w) = w**2 - w - 10. Calculate x(k).
-10
Suppose -2*q + 11 = -5*d, -9 = 5*d - 2*q - q. Let g = d + -4. Let n(c) = c**3 + 6*c**2 - 7*c - 1. What is n(g)?
-1
Suppose 3*t = -0 + 9. Let m(u) = 2*u**3 - 4*u**2 - 4. Determine m(t).
14
Suppose -14 - 4 = 2*a. Suppose 50 = -5*k - 2*x, k - 3*x - x + 10 = 0. Let y = a - k. Let c(g) = 8*g**3 - g**2 + g. Give c(y).
8
Suppose 0 = 7*r - 3*r - 8. Let k(t) = t**3 - 3*t - 3*t**r + 0*t**2 + 2 - 3*t + 0. Determine k(4).
-6
Let n(j) = j**2 - 5*j + 5. Let h be n(4). Let s = h + 1. Let v be -1*(-2 - -3)*s. Let d(k) = -k**3 - k**2 + k. Calculate d(v).
2
Suppose 3*y - 14 = -47. Let t = y + 7. Let o(l) be the second derivative of -l**4/6 - l**3 - l**2/2 + l. Give o(t).
-9
Suppose 5*g = -3*k - 30, -30 = k + 2*k + 2*g. Let z = k + 8. Let l(m) = -m**3 - m**2 - 2*m + 1. What is l(z)?
9
Let s(u) = -2 + 5*u**2 + 4*u**3 - u - 7*u**2 + 2. Let t = 6 + 3. Suppose -12 = 4*q, -4*k + t*k + 4*q = -17. Determine s(k).
-5
Let t = 1 - 0. Let v = 10 + -7. Let b be (-2 + 21/v)*t. Let p(u) = u - 4. Determine p(b).
1
Let b(t) = t**2 + t + 2. Let o be b(0). Let l(h) = -3 + h - 8*h**3 + 4 + 2*h**2 - 3*h**o. Let r be 9/(-7) + (-2)/(-7). What is l(r)?
7
Let k(q) = -2*q + 5. Let j be 42/30 - (-4)/(-10). Let c(m) = m. Let y(a) = j*k(a) + 4*c(a). Suppose 5*x = d - 27, 2*x + 2*x + 3*d = -14. Determine y(x).
-5
Suppose 5*i = 3*a - 1 + 17, -4*a = -2*i + 12. Suppose -2*g - 4 = i*g. Let j(f) = f. Determine j(g).
-1
Let k(g) = g**3 + 3*g**2 - 3*g - 2. Let l(o) = o**3 - 3*o**2 - 4. Let j be l(3). What is k(j)?
-6
Let u be 30 - (-1 - -1)/2. Let z be (-11)/5 + 6/u. Let i(g) be the first derivative of -g**3/3 - 3*g**2/2 - g - 1. Give i(z).
1
Suppose 3*f - 2 = 2*f. Suppose 4*i = 5*p - 25, f*p + i + 13 = -2*i. Let r = 4 - p. Let x(l) = l - 4. Determine x(r).
-1
Let x(j) = 8*j - 9. Let b(f) = -f + 1. Let d(p) = -3*b(p) - x(p). Calculate d(4).
-14
Let z(f) = 5*f. Let m(y) = -11*y. Let p(t) = 2*m(t) + 5*z(t). Let u(q) = 1 - q + 0 + 0. Let g be u(-2). What is p(g)?
9
Let j(a) = -8*a**2 - 3*a**2 - 3*a**2 + a**2. What is j(-1)?
-13
Let r(t) = 4*t**3 + t**2 - t. Let z = 20 - 12. Let c = z - 9. Let g = 2 + c. Calculate r(g).
4
Let w(v) be the first derivative of -v**3/3 + v**2/2 + 2*v - 12. Determine w(2).
0
Let m(z) = -z**2 + 5*z - 3. Let p be m(5). Let j(c) = 2 - 8 + c**2 - c + c + 2*c + 3. Determine j(p).
0
Let q(z) = z**3 - 4*z**2 - z. Let n(i) = -2*i + 4. Let v be n(0). What is q(v)?
-4
Let x(d) = 7 + 4*d**3 + 10 - 7*d + 9*d**2 - 5*d**3 - 20. Calculate x(8).
5
Let y(w) = -7*w**2 - 5*w + 18. Let z(i) = -3*i**2 - 2*i + 9. Let o(j) = 2*y(j) - 5*z(j). Calculate o(0).
-9
Let b(f) be the third derivative of -f**6/120 + 7*f**5/60 - f**4/4 - 5*f**3/6 - 10*f**2. Determine b(6).
-5
Let g(u) = -5*u**3 - u**2 + 2*u - 3*u - 1 + 0*u. Suppose 1 = -2*t + p, 0*t + 3*t + 2*p + 12 = 0. Let s = t - -1. Determine g(s).
4
Suppose 0 = 4*b - 14*b + 70. Let w(t) = 4*t - 9. Give w(b).
19
Let y(j) = -j**2 - 5*j + 2. Let h be y(-5). Let g(q) = 3 - q**2 - h*q + 0*q + 0*q**2 - 2. Determine g(1).
-2
Let p(b) be the third derivative of 1/6*b**3 + 0 + 1/10*b**5 + 7/24*b**4 + 0*b + 1/120*b**6 + b**2. Suppose 10 = 5*x + 35. Determine p(x).
-9
Let u(w) = -w**3 - 24*w + w**2 - 25*w + 49*w + 5. Suppose -4*b = -5*r + 37, -5*r + 5*b + 34 = -6. Suppose 2*k - 20 = 5*n, r*k = -5*n - 8 - 12. What is u(k)?
5
Let c(r) be the third derivative of r**5/60 - r**4/24 - r**2. Let g be (-14)/(-6) + (-1)/3. Determine c(g).
2
Let v(z) be the third derivative of -z**4/24 + z**3/6 + z**2. Let c(r) = -2*r - 4. Let k be c(-3). Determine v(k).
-1
Let o(q) = -q**3 + q**2 + 2*q - 2. Let c = -1 - -4. Suppose -c*w + 4 = -2. Calculate o(w).
-2
Suppose -3*z - 2*z - 5 = 0. Let p(s) = 9*s - 1. What is p(z)?
-10
Suppose 0 = 4*q - 0*q + 4. Let x(a) = a**2 - 6*a - 3. Let c(d) = -2*d - 1. Let w(f) = -17*c(f) + 6*x(f). Determine w(q).
7
Let g(a) be the first derivative of a**4/4 + 4*a**3/3 + a**2 + 3*a + 4. Calculate g(-3).
6
Let b(q) = 3 - 6 + 6*q + 0*q**2 - q**2. Let j be (-14)/(-4) + (3 - 36/8). Give b(j).
5
Let w(j) = j - 2. Let p(r) = -r**3 - 4*r**2 + 2. Let v be p(-3). Let b be (3 - (0 - v)) + 0. Calculate w(b).
-6
Let k(x) = -2*x**3 + 11*x**2 + 5*x + 8. Let z be k(6). Let y(t) be the second derivative of t**5/20 - t**4/4 - t**3/3 + t. Calculate y(z).
-8
Let g be (4/(-6))/(6/(-27)). Let q(c) = 3*c - 1 + 6*c**3 - c - 7*c**g. Calculate q(-2).
3
Let n(f) = 2*f**2 - 5*f + 4. Let o be n(4). Let x = 12 - o. Let j(l) = -l**3 - 4*l**2 - 4*l - 5. What is j(x)?
11
Suppose 2*d + 0*d + 5*g - 33 = 0, -4*d = 2*g - 26. Let f(a) be the third derivative of a**6/120 - a**5/12 + 7*a**4/24 - 2*a**3/3 + 2*a**2. Calculate f(d).
8
Let l(f) = 2*f + 3 + 2*f - 3*f + 0*f. Determine l(-3).
0
Suppose 6 = 3*z, 3*g - 2*g - 3*z + 10 = 0. Let p(w) = -w**3 - 5*w**2 - 6*w - 3. Calculate p(g).